
In base 11, what is -12 + -383?
-395
In base 3, what is -1001 + -1100?
-2101
In base 2, what is 1110101000 - -10?
1110101010
In base 14, what is c7 + 5?
cc
In base 5, what is -114 - -4?
-110
In base 15, what is -c9b - 0?
-c9b
In base 4, what is -3 - 2?
-11
In base 10, what is -1 - -36?
35
In base 13, what is a59 - 4?
a55
In base 16, what is a + 32?
3c
In base 4, what is -1302 + -323?
-2231
In base 15, what is -2 - -23?
21
In base 15, what is 23 + -a?
18
In base 4, what is 1301 + 3?
1310
In base 7, what is -21050 - -1?
-21046
In base 16, what is 0 - -43d?
43d
In base 3, what is 12 + 10102?
10121
In base 3, what is 1 - -1122010?
1122011
In base 11, what is -1558 - -4?
-1554
In base 5, what is -233 + -1?
-234
In base 15, what is 1b + -9?
12
In base 11, what is -3546 - 6?
-3551
In base 4, what is 32 - 1230?
-1132
In base 6, what is 4 + -1250?
-1242
In base 10, what is -11 + 636?
625
In base 7, what is -124 + -10?
-134
In base 12, what is 1a9 + -1?
1a8
In base 10, what is 7 + -475?
-468
In base 12, what is -11 - 2a?
-3b
In base 14, what is -1 + -28?
-29
In base 8, what is -54 + 43?
-11
In base 4, what is -11003 + -11?
-11020
In base 9, what is -2 + -228?
-231
In base 2, what is 1001011000100 - 0?
1001011000100
In base 3, what is -2 + 10211111?
10211102
In base 10, what is 39 - -3?
42
In base 9, what is -3 + 180?
176
In base 7, what is -20 + -443?
-463
In base 3, what is -1 - 11020?
-11021
In base 7, what is 5 + -5621?
-5613
In base 6, what is -20343 - -5?
-20334
In base 16, what is 3 + -101?
-fe
In base 14, what is -57 - -5?
-52
In base 4, what is 1303 + 1?
1310
In base 5, what is 14 + -4?
10
In base 7, what is -3 - -134?
131
In base 14, what is -c - 47?
-55
In base 6, what is 121 + -23?
54
In base 13, what is 2b9 - -6?
2c2
In base 14, what is ad + 9?
b8
In base 15, what is -18 + 2d?
15
In base 16, what is -4c + -3?
-4f
In base 16, what is 11 + f?
20
In base 15, what is -1e + 75?
56
In base 8, what is -457 + 24?
-433
In base 8, what is 545 - -1?
546
In base 9, what is -1 - -155?
154
In base 6, what is 5 - -151?
200
In base 15, what is 3 - 2a?
-27
In base 14, what is -9 + -24d?
-258
In base 2, what is 10 - -1011011?
1011101
In base 2, what is -10000 + 10000?
0
In base 3, what is 10110111 - 11?
10110100
In base 3, what is 0 + -1212122?
-1212122
In base 10, what is -1 + -925?
-926
In base 16, what is e + 90?
9e
In base 4, what is -11 - -3?
-2
In base 12, what is 912 + -3?
90b
In base 7, what is 4544 + 11?
4555
In base 6, what is 1123 - 4?
1115
In base 16, what is ea + -13?
d7
In base 10, what is -6 - 9?
-15
In base 11, what is -233 + 14?
-21a
In base 16, what is 4 + -181?
-17d
In base 6, what is -2 - -1004?
1002
In base 8, what is 10 - 12?
-2
In base 5, what is -10 + -334?
-344
In base 9, what is 31 - -71?
112
In base 5, what is -100 + -2203?
-2303
In base 7, what is -3 + -1105?
-1111
In base 7, what is 21351 - 4?
21344
In base 11, what is 19 + 228?
246
In base 16, what is -41 + 20?
-21
In base 3, what is -101120 - 1?
-101121
In base 5, what is -103012 + 3?
-103004
In base 11, what is -22a - -4?
-226
In base 12, what is 0 - 9?
-9
In base 2, what is -11101111111 - 110?
-11110000101
In base 9, what is 0 + 21?
21
In base 4, what is -2102 - 12?
-2120
In base 14, what is 82 + -77?
9
In base 16, what is -501 + 3?
-4fe
In base 6, what is -11 + 1124?
1113
In base 10, what is -6 + 1158?
1152
In base 6, what is -2403 + -55?
-2502
In base 5, what is -24 - -1142?
1113
In base 7, what is 3 + -2024?
-2021
In base 5, what is -3 - -101320?
101312
In base 7, what is -1044 + 4?
-1040
In base 13, what is 85 + -38?
4a
In base 13, what is 0 - -1ca3?
1ca3
In base 2, what is -111 - -10111?
10000
In base 4, what is -23 - 313?
-1002
In base 5, what is -20 - 31?
-101
In base 3, what is -102112 + -20?
-102202
In base 11, what is 9 - -810?
819
In base 4, what is 22322300 - -3?
22322303
In base 2, what is 1001000110 - 1101?
1000111001
In base 10, what is 2 + -281?
-279
In base 15, what is 1 + -32?
-31
In base 7, what is 53406 + 4?
53413
In base 11, what is 19a + -2?
198
In base 15, what is 2 - 89?
-87
In base 8, what is -15 + -2005?
-2022
In base 3, what is -10010 + 20?
-2220
In base 16, what is 1 + -4?
-3
In base 11, what is -1 - 5a?
-60
In base 13, what is -445 + -4?
-449
In base 10, what is -4 - -172?
168
In base 11, what is -17 + -1a?
-36
In base 15, what is 3b - -2?
3d
In base 10, what is -31 - -1?
-30
In base 10, what is -16 + -207?
-223
In base 10, what is 809 - 2?
807
In base 14, what is -2 - -b0?
ac
In base 7, what is 2551 - 1?
2550
In base 2, what is 10 + -111010111?
-111010101
In base 13, what is -82 - 0?
-82
In base 16, what is 3 - -68?
6b
In base 3, what is 1202002 - -11?
1202020
In base 7, what is -365 + -1?
-366
In base 6, what is -1 - -1302?
1301
In base 9, what is -8105 + -6?
-8112
In base 12, what is -885 - 0?
-885
In base 9, what is 4 - 268?
-264
In base 6, what is -5 + 50532?
50523
In base 10, what is -1 + 709?
708
In base 10, what is 14 - 4?
10
In base 16, what is -177 + 0?
-177
In base 2, what is -10101 - 101?
-11010
In base 15, what is -20 - 2?
-22
In base 9, what is 5033 + 1?
5034
In base 9, what is -34 - 31?
-65
In base 13, what is 2 - 92?
-90
In base 10, what is 6 - -8?
14
In base 9, what is 86 - 7?
78
In base 5, what is -10423 - 3?
-10431
In base 10, what is 34482 - 1?
34481
In base 8, what is 1 + -40?
-37
In base 11, what is -38161 - -5?
-38157
In base 15, what is 6 + -18?
-12
In base 16, what is -5 - 46?
-4b
In base 12, what is -26 + -13?
-39
In base 3, what is 12 - -2001?
2020
In base 12, what is -22 - -29?
7
In base 2, what is -1010 - 100000100011?
-100000101101
In base 4, what is 103 - 1223?
-1120
In base 7, what is 6 + 522?
531
In base 3, what is -1101 - -101?
-1000
In base 5, what is -1002 + -1412?
-2414
In base 10, what is 1584 + 3?
1587
In base 9, what is -3 + 287?
284
In base 15, what is -1 + 1b?
1a
In base 4, what is -10 - -21011?
21001
In base 12, what is 2 + ab?
b1
In base 14, what is -c - -861?
853
In base 7, what is -5 - -6132?
6124
In base 9, what is -5 + -27?
-33
In base 3, what is 211 + 22?
1010
In base 4, what is -3311 + 20?
-3231
In base 15, what is -1 + 873?
872
In base 8, what is -20 + -101?
-121
In base 13, what is -3 + 46?
43
In base 12, what is 5 - 43b?
-436
In base 12, what is -53 - 7?
-5a
In base 15, what is 886 - 5?
881
In base 8, what is 466 - 4?
462
In base 3, what is -1011111 - -11?
-1011100
In base 14, what is 5 + 7a2?
7a7
In base 9, what is -1 + 55?
54
In base 7, what is -1 - -1366?
1365
In base 16, what is -9b - -1f?
-7c
In base 12, what is -10a - -4?
-106
In base 6, what is 320 - 34?
242
In base 11, what is 28 + -10?
18
In base 2, what is -10110100 + 101?
-10101111
In base 15, what is -5 + -76?
-7b
In base 11, what is 4a9 + -5?
4a4
In base 14, what is 1600 - 2?
15dc
In base 8, what is 2547 - 2?
2545
In base 10, what is 1592 + 0?
1592
In base 3, what is -2002211 - 0?
-2002211
In base 8, what is 230 - -12?
242
In base 6, what is 5444 - -2?
5450
In base 11, what is -44 - -4?
-40
In base 11, what is -1845 + 3?
-1842
In base 6, what is -1 + 11023?
11022
In base 14, what is 3 + d1?
d4
In base 12, what is 1b - -33b?
35a
In base 5, what is 1422 - -2?
1424
In base 12, what is 5b + -35?
26
In base 13, what is -46a5 + -4?
-46a9
In base 6, what is 13 - -5?
22
In base 16, what is -2 + -33?
-35
In base 6, what is 111 + -20?
51
In base 7, what is -45 + -353?
-431
In base 7, what is 14106 + 4?
14113
In base 7, what is 123 - 10?
113
In base 4, what is 10312 - 1?
10311
In base 7, what is 4 - -2546?
2553
In base 16, what is -22 + 21?
-1
In base 3, what is -1022 + 110?
-212
In base 7, what is 33 - -6?
42
In base 2, what is 10 + 1111111000000?
1111111000010
In base 9, what is -15 - 0?
-15
In base 10, what is -4 - 24?
-28
In base 9, what is 16 - 1441?
-1424
In base 4, what is -133 + -1?
-200
In base 3, what is 21012 - -110?
21122
In base 15, what is b - 3a?
-2e
In base 14, what is -8 + ac?
a4
In base 9, what is 8 - 125?
-116
In base 9, what is -4 - 1467?
-1472
In base 4, what is 233 - 11?
222
In base 15, what is 0 - -12e?
12e
In base 14, what is 75 - 10?
65
In base 8, what is 45 - 61?
-14
In base 8, what is 2 + 12?
14
In base 11, what is 9 - -19?
27
In base 9, what is 7 + -13?
-5
In base 12, what is -359 - 2?
-35b
In base 3, what is 1